*o**2 + 866*o + 1041. Determine k(-122).
-423
Let l(y) = 8*y**2 + 66*y + 257. Give l(-14).
901
Let p(u) = -10*u**2 + 484*u + 3433. Give p(-7).
-445
Let d(n) = -11*n**2 + 977*n + 76331. Determine d(-50).
-19
Let w(l) = 7066*l - 2388297. Give w(338).
11
Let z(y) = -2*y**3 - 14*y**2 + 44*y + 364. Calculate z(-9).
292
Let d(v) = -13280*v - 79692. Give d(-6).
-12
Let g(a) = -1492*a - 14205. Determine g(-9).
-777
Let n(h) = -552*h + 132992. What is n(241)?
-40
Let v(y) = -y**3 + 6*y**2 - 1429*y + 4264. Determine v(3).
4
Let s(k) = 211*k**2 + 16248*k + 384. Give s(-77).
307
Let b(y) = -20943*y + 376974. Calculate b(18).
0
Let a(k) = -32*k**2 - 899*k + 5412. What is a(6)?
-1134
Let t(g) = g**2 - 40*g - 1107. Give t(-22).
257
Let t(x) = -157*x**3 + 1208*x**2 + 14*x - 3. What is t(8)?
-2963
Let n(l) = 4*l**3 - 31*l**2 + 659*l - 4475. Give n(7).
-9
Let v(b) = -2*b**3 + 608*b**2 - 7565*b - 612. What is v(291)?
-321
Let y(w) = -21188*w - 276024. Give y(-13).
-580
Let k(h) = 549*h**3 - 75212*h**2 - 142*h + 675. Determine k(137).
-10
Let p(v) = 2*v**2 - 412*v + 20867. Determine p(90).
-13
Let i(m) = -103*m - 3891. Give i(-61).
2392
Let i(k) = -k**3 + 342*k**2 - 7363*k + 593. Give i(23).
-5
Let f(x) = 5*x**2 - 228*x - 1026. Determine f(50).
74
Let y(i) = -987*i - 145065. What is y(-147)?
24
Let g(t) = -t**3 + 22*t**2 + 211*t + 106. Calculate g(-13).
3278
Let r(q) = q**2 + 8592*q + 214182. Calculate r(-25).
7
Let t(s) = -515*s - 17265. Determine t(-34).
245
Let h(d) = 41547*d + 2700564. What is h(-65)?
9
Let j(q) = -q**3 + 122*q**2 - 253*q + 1112. Give j(120).
-448
Let r(x) = x**2 - 58*x - 968. Give r(37).
-1745
Let p(m) = -4252*m - 21236. What is p(-5)?
24
Let i(z) = 2831*z - 5331. Calculate i(2).
331
Let d(i) = 283325*i + 6233145. Calculate d(-22).
-5
Let o(v) = -v**3 + 15*v**2 + 430*v - 6212. Calculate o(14).
4
Let u(j) = 67*j**3 - 3*j**2 + 1624*j - 3246. Determine u(2).
526
Let y(j) = -21874*j - 21874. What is y(-1)?
0
Let w(m) = 70*m**3 + 8*m**2 + 6*m - 7. Determine w(1).
77
Let z(v) = 10000*v - 129964. Determine z(13).
36
Let q(x) = -26414*x + 158549. Give q(6).
65
Let u(w) = -398*w**2 + 1071*w + 50. What is u(3)?
-319
Let n(a) = -130038*a + 1690492. Determine n(13).
-2
Let c(g) = -48457*g - 33338429. Give c(-688).
-13
Let m(x) = 34596*x + 172343. What is m(-5)?
-637
Let a(k) = -k**3 + 30*k**2 - 127*k - 105. Determine a(7).
133
Let h(w) = -w**3 + 30*w**2 - 2113*w + 76433. What is h(34)?
-33
Let b(j) = -250*j - 66837. Give b(-268).
163
Let h(r) = 87*r - 708. Give h(-4).
-1056
Let g(j) = 6882*j - 1321338. What is g(192)?
6
Let k(l) = 470*l + 911. What is k(-2)?
-29
Let c(p) = -464*p**3 + 7*p**2 - 11*p - 9. What is c(2)?
-3715
Let p(j) = -j**3 - 23*j**2 - 1363*j - 31573. Determine p(-23).
-224
Let b(s) = -3*s**3 - 125*s**2 - 101*s - 43. Give b(-41).
736
Let d(w) = -2476*w - 29706. Give d(-12).
6
Let c(t) = 144*t**2 + 846*t - 5086. Determine c(6).
5174
Let h(s) = 6554*s - 46132. Calculate h(8).
6300
Let r(k) = -6205*k - 1234820. Give r(-199).
-25
Let y(r) = -r**3 + 100*r**2 + 5784*r + 137. Give y(-41).
14
Let p(k) = 408*k**2 + 113017*k + 268. Calculate p(-277).
-9
Let v(a) = -a**2 - 23373*a + 467863. Give v(20).
3
Let w(d) = 78*d**3 + 12*d**2 + 11*d - 110. What is w(4)?
5118
Let d(a) = 13*a**2 - 812*a - 1294. What is d(64)?
-14
Let d(u) = -13*u**2 + 4431*u + 9602. What is d(343)?
-2
Let a(z) = 3*z**2 + 2283*z + 13683. What is a(-6)?
93
Let i(z) = 7*z**3 - 2*z**2 - 12*z - 35. What is i(-3)?
-206
Let p(k) = 2*k**3 + 29*k**2 - 746*k - 4190. What is p(-26)?
-342
Let p(i) = i**2 - 2390*i - 7160. Determine p(-3).
19
Let m(s) = -85*s**2 - 8428*s - 1257. Give m(-99).
30
Let h(n) = -9*n**2 - 1090*n - 8707. Determine h(-8).
-563
Let v(h) = h**3 + 5*h**2 - 147*h - 236. Calculate v(-15).
-281
Let y(r) = -233*r**2 + 123*r - 121. Calculate y(1).
-231
Let r(w) = 2702*w - 75475. Give r(28).
181
Let q(s) = 10781*s - 9554. Give q(1).
1227
Let m(t) = -52*t**2 - 2921*t - 131. Determine m(-57).
-2582
Let j(v) = 26818*v + 214556. Give j(-8).
12
Let s(j) = j**3 - 20*j**2 - 2443*j + 50952. Determine s(21).
90
Let u(l) = 4*l**2 + 239472*l + 1197292. Calculate u(-5).
32
Let w(o) = -163*o**2 - 4594*o - 842. Calculate w(-28).
-2
Let p(u) = 17*u**3 - 13*u**2 + 39*u + 97. Determine p(-2).
-169
Let b(a) = a**3 + 394*a**2 - 9600*a + 204. Determine b(23).
-3
Let h(l) = 566*l - 6531. What is h(9)?
-1437
Let v(z) = -4*z**3 - 51*z**2 - 128*z + 49. Determine v(-3).
82
Let c(j) = -2*j**3 - 49*j**2 + 130*j - 143. Determine c(-27).
-8
Let z(d) = -374*d**3 - 761*d**2 - 6*d + 4. Calculate z(-2).
-36
Let s(k) = 3627*k - 2636834. Determine s(727).
-5
Let q(u) = -u**2 + 165*u - 3324. Determine q(43).
1922
Let u(c) = -37373*c - 261567. Calculate u(-7).
44
Let p(j) = -217*j + 40448. Calculate p(187).
-131
Let c(i) = -i**3 - 603*i**2 - 73073*i + 3011. Give c(-435).
-34
Let c(p) = -19*p**2 + 956*p + 99. Give c(50).
399
Let b(d) = -4332*d - 125091. Determine b(-29).
537
Let x(g) = 38324*g - 459841. Calculate x(12).
47
Let f(r) = -r**2 - 20228*r - 161759. Determine f(-8).
1
Let z(o) = -3*o**2 + 540187*o - 1620537. Determine z(3).
-3
Let q(h) = h**2 + 158*h + 3829. Calculate q(-31).
-108
Let r(o) = 71*o**2 - 363*o - 2484. Determine r(-7).
3536
Let m(d) = 23*d**2 + 1132*d + 277. Give m(-49).
32
Let m(k) = 132*k - 25097. Give m(189).
-149
Let l(z) = 5*z**2 + 1502*z - 10787. Calculate l(7).
-28
Let o(c) = 161*c**3 - 7*c**2 + 50*c - 43. Determine o(1).
161
Let d(p) = 4*p**3 - 6*p**2 - 65*p - 185. What is d(-4)?
-277
Let n(z) = 532*z - 14107. Calculate n(26).
-275
Let c(d) = -8618*d + 7523580. What is c(873)?
66
Let j(n) = 210*n - 27709. Determine j(132).
11
Let i(l) = -216*l + 49924. Give i(231).
28
Let m(b) = -5*b**2 - 1841*b - 70194. Determine m(-325).
6
Let c(i) = -i**3 + 29*i**2 + 2242*i - 134. Calculate c(64).
-6
Let i(w) = -1740*w + 55379. Give i(32).
-301
Let d(n) = 55*n + 6374. Give d(-122).
-336
Let i(o) = 371*o + 19604. What is i(-53)?
-59
Let g(p) = -5*p**2 + 40*p - 693. What is g(12)?
-933
Let y(j) = -18805*j + 18849. What is y(1)?
44
Let c(b) = -19*b + 302. What is c(4)?
226
Let r(c) = -3*c**2 - 134*c + 1167. What is r(-50)?
367
Let c(z) = z**3 - 11*z**2 - 6749*z + 54186. What is c(8)?
2
Let a(d) = d**2 + 1157*d - 880837. What is a(524)?
7
Let l(j) = -2*j**2 + 45*j - 304. Give l(8).
-72
Let h(d) = 8*d**3 - 143*d**2 + 971*d - 26216. Determine h(20).
4
Let l(b) = 187880*b - 10333380. Give l(55).
20
Let l(n) = -n**2 + 1049*n + 35211. Give l(-32).
619
Let v(j) = -2*j**3 + 18*j**2 + 12*j - 232. Calculate v(8).
-8
Let o(c) = 1886*c - 92787. Give o(49).
-373
Let i(j) = 7*j**3 + 231*j**2 - 8*j - 234. Calculate i(-33).
30
Let v(m) = -20*m**3 + 149*m**2 - 11*m + 7. Calculate v(6).
985
Let c(y) = 22*y**2 - 1601*y - 57108. Calculate c(99).
15
Let a(q) = -q**2 - 414*q - 9340. Give a(-24).
20
Let f(z) = -10*z**3 + 1510*z**2 + 19*z + 88. What is f(151)?
2957
Let v(i) = i**2 + 2*i - 2290. What is v(-49)?
13
Let h(v) = -72*v**3 + 7*v**2 + 15*v - 5. Give h(-2).
569
Let q(o) = 2*o**3 + 150*o**2 - 1183*o + 1197. Give q(6).
-69
Let m(u) = 4*u**2 - 616*u + 16778. Determine m(117).
-538
Let m(t) = 15289*t + 3439977. What is m(-225)?
-48
Let g(n) = 6*n**3 - n**2 + 468*n - 2813. Determine g(6).
1255
Let q(j) = -5*j**2 - 642*j - 5039. Give q(-120).
1
Let u(i) = -25*i**3 - 10*i**2 - 41*i - 102. What is u(-5)?
2978
Let t(z) = -4*z**2 + 353*z - 7216. Determine t(57).
-91
Let m(p) = p**2 + 6262*p + 3011902. Give m(-525).
-23
Let b(d) = -d**2 - 40*d - 269. Give b(-18).
127
Let h(j) = 3139*j + 260388. Give h(-83).
-149
Let x(v) = -242*v - 308. Calculate x(-3).
418
Let n(k) = -21*k**2 - 621*k - 72. Calculate n(-28).
852
Let h(a) = -2531585*a + 22784243. Give h(9).
-22
Let m(b) = -134*b + 21087. Calculate m(158).
-85
Let a(f) = 2*f**3 - 73*f**2 + 441*f - 1511. Give a(30).
19
Let f(i) = -3*i**3 - 36*i**2 + 42*i + 62. Calculate f(-13).
23
Let c(q) = 16*q**3 + 54*q**2 - 123*q - 328. Determine c(-4).
4
Let o(j) = 36*j**2 + 573*j - 49. Give o(-16).
-1
Let b(y) = 2812*y**2 + 284024*y + 1198. Determine b(-101).
-14
Let c(i) = -18604*i + 8204378. Give c(441).
14
Let t(d) = 124*d**3 - 6*d**2 + 149*d - 433. Calculate t(3).
3308
Let m(c) = 2954*c**2 - 109299*c - 17. Calculate m(37).
-54
Let s(a) = 3419*a - 694061. What is s(203)?
-4
Let m(